{"id":6312,"date":"2026-01-19T14:16:11","date_gmt":"2026-01-19T13:16:11","guid":{"rendered":"https:\/\/www.labozero.org\/?page_id=6312"},"modified":"2026-01-19T14:16:11","modified_gmt":"2026-01-19T13:16:11","slug":"infos-et-bilans","status":"publish","type":"page","link":"https:\/\/www.labozero.org\/index.php\/infos-et-bilans\/","title":{"rendered":"Infos et Bilans"},"content":{"rendered":"","protected":false},"excerpt":{"rendered":"","protected":false},"author":2,"featured_media":0,"parent":0,"menu_order":0,"comment_status":"closed","ping_status":"closed","template":"","meta":{"rop_custom_images_group":[],"rop_custom_messages_group":[],"rop_publish_now":"initial","rop_publish_now_accounts":[],"rop_publish_now_history":[],"rop_publish_now_status":"pending","_themeisle_gutenberg_block_has_review":false,"footnotes":""},"class_list":["post-6312","page","type-page","status-publish","hentry"],"jetpack-related-posts":[{"id":6419,"url":"https:\/\/www.labozero.org\/index.php\/bilan-2025\/","url_meta":{"origin":6312,"position":0},"title":"Bilan 2025","author":"labozero","date":"26 janvier, 2026","format":false,"excerpt":"","rel":"","context":"Article similaire","block_context":{"text":"Article similaire","link":""},"img":{"alt_text":"","src":"https:\/\/i0.wp.com\/www.labozero.org\/wp-content\/uploads\/2026\/01\/bilan_leo_20252-150x150.jpg?resize=350%2C200&ssl=1","width":350,"height":200,"srcset":"https:\/\/i0.wp.com\/www.labozero.org\/wp-content\/uploads\/2026\/01\/bilan_leo_20252-150x150.jpg?resize=350%2C200&ssl=1 1x, https:\/\/i0.wp.com\/www.labozero.org\/wp-content\/uploads\/2026\/01\/bilan_leo_20252-150x150.jpg?resize=525%2C300&ssl=1 1.5x, https:\/\/i0.wp.com\/www.labozero.org\/wp-content\/uploads\/2026\/01\/bilan_leo_20252-150x150.jpg?resize=700%2C400&ssl=1 2x, https:\/\/i0.wp.com\/www.labozero.org\/wp-content\/uploads\/2026\/01\/bilan_leo_20252-150x150.jpg?resize=1050%2C600&ssl=1 3x, https:\/\/i0.wp.com\/www.labozero.org\/wp-content\/uploads\/2026\/01\/bilan_leo_20252-150x150.jpg?resize=1400%2C800&ssl=1 4x"},"classes":[]},{"id":6409,"url":"https:\/\/www.labozero.org\/index.php\/bilan-du-projet-la-machine\/","url_meta":{"origin":6312,"position":1},"title":"Bilan du projet \u00ab\u00a0La Machine\u00a0\u00bb","author":"labozero","date":"26 janvier, 2026","format":false,"excerpt":"Ce projet est soutenu par :","rel":"","context":"Article similaire","block_context":{"text":"Article similaire","link":""},"img":{"alt_text":"","src":"https:\/\/i0.wp.com\/www.labozero.org\/wp-content\/uploads\/2026\/01\/01bilan_machine-150x150.jpg?resize=350%2C200&ssl=1","width":350,"height":200,"srcset":"https:\/\/i0.wp.com\/www.labozero.org\/wp-content\/uploads\/2026\/01\/01bilan_machine-150x150.jpg?resize=350%2C200&ssl=1 1x, https:\/\/i0.wp.com\/www.labozero.org\/wp-content\/uploads\/2026\/01\/01bilan_machine-150x150.jpg?resize=525%2C300&ssl=1 1.5x, https:\/\/i0.wp.com\/www.labozero.org\/wp-content\/uploads\/2026\/01\/01bilan_machine-150x150.jpg?resize=700%2C400&ssl=1 2x, https:\/\/i0.wp.com\/www.labozero.org\/wp-content\/uploads\/2026\/01\/01bilan_machine-150x150.jpg?resize=1050%2C600&ssl=1 3x, https:\/\/i0.wp.com\/www.labozero.org\/wp-content\/uploads\/2026\/01\/01bilan_machine-150x150.jpg?resize=1400%2C800&ssl=1 4x"},"classes":[]},{"id":5467,"url":"https:\/\/www.labozero.org\/index.php\/bilan-des-annees-passees-a-pantin\/","url_meta":{"origin":6312,"position":2},"title":"Bilan des ann\u00e9es pass\u00e9es \u00e0 Pantin","author":"labozero","date":"20 octobre, 2023","format":false,"excerpt":"Le LE\u00d8 s'est install\u00e9 au 20 avenue Edouard Vaillant \u00e0 Pantin en avril 2019, un proc\u00e8s contre l'EPFIDF nous a accord\u00e9 un d\u00e9lais de 3 ans et demie, un appel \u00e9galement gagn\u00e9 \u00e0 confirm\u00e9 cette d\u00e9cision de justice. Lors du conseil municipal de d\u00e9cembre 2022, les \u00e9lus de la ville\u2026","rel":"","context":"Article similaire","block_context":{"text":"Article similaire","link":""},"img":{"alt_text":"","src":"https:\/\/i0.wp.com\/www.labozero.org\/wp-content\/uploads\/2022\/11\/bilan_leo_10-2022-150x150.jpg?resize=350%2C200&ssl=1","width":350,"height":200,"srcset":"https:\/\/i0.wp.com\/www.labozero.org\/wp-content\/uploads\/2022\/11\/bilan_leo_10-2022-150x150.jpg?resize=350%2C200&ssl=1 1x, https:\/\/i0.wp.com\/www.labozero.org\/wp-content\/uploads\/2022\/11\/bilan_leo_10-2022-150x150.jpg?resize=525%2C300&ssl=1 1.5x, https:\/\/i0.wp.com\/www.labozero.org\/wp-content\/uploads\/2022\/11\/bilan_leo_10-2022-150x150.jpg?resize=700%2C400&ssl=1 2x, https:\/\/i0.wp.com\/www.labozero.org\/wp-content\/uploads\/2022\/11\/bilan_leo_10-2022-150x150.jpg?resize=1050%2C600&ssl=1 3x, https:\/\/i0.wp.com\/www.labozero.org\/wp-content\/uploads\/2022\/11\/bilan_leo_10-2022-150x150.jpg?resize=1400%2C800&ssl=1 4x"},"classes":[]},{"id":190,"url":"https:\/\/www.labozero.org\/index.php\/latelier-dauto-reparation-et-de-construction\/","url_meta":{"origin":6312,"position":3},"title":"Les ateliers d&rsquo;auto-r\u00e9paration","author":"labozero","date":"3 septembre, 2018","format":false,"excerpt":"Tout peut se r\u00e9parer (ordis, v\u00e9los, \u00e9lectrom\u00e9nager, petits meubles...) ce n'est qu'une question de temps et de comp\u00e9tences;\u00a0 les n\u00f4tres ont bien s\u00fbr leurs limites et Michel et Lise sont preneur.ses de partages avec des coll\u00e8gues experts. Apprendre \u00e0 r\u00e9parer c'est d'abord se r\u00e9approprier les objets du quotidien et lutter\u2026","rel":"","context":"Article similaire","block_context":{"text":"Article similaire","link":""},"img":{"alt_text":"","src":"https:\/\/i0.wp.com\/www.labozero.org\/wp-content\/uploads\/2025\/06\/WhatsApp-Image-2025-06-25-at-12.53.53-150x150.jpeg?resize=350%2C200&ssl=1","width":350,"height":200,"srcset":"https:\/\/i0.wp.com\/www.labozero.org\/wp-content\/uploads\/2025\/06\/WhatsApp-Image-2025-06-25-at-12.53.53-150x150.jpeg?resize=350%2C200&ssl=1 1x, https:\/\/i0.wp.com\/www.labozero.org\/wp-content\/uploads\/2025\/06\/WhatsApp-Image-2025-06-25-at-12.53.53-150x150.jpeg?resize=525%2C300&ssl=1 1.5x, https:\/\/i0.wp.com\/www.labozero.org\/wp-content\/uploads\/2025\/06\/WhatsApp-Image-2025-06-25-at-12.53.53-150x150.jpeg?resize=700%2C400&ssl=1 2x, https:\/\/i0.wp.com\/www.labozero.org\/wp-content\/uploads\/2025\/06\/WhatsApp-Image-2025-06-25-at-12.53.53-150x150.jpeg?resize=1050%2C600&ssl=1 3x"},"classes":[]},{"id":892,"url":"https:\/\/www.labozero.org\/index.php\/participer\/","url_meta":{"origin":6312,"position":4},"title":"Participer","author":"labozero","date":"29 juillet, 2019","format":false,"excerpt":"Vous avez envie de contribuer \u00e0 notre aventure ? Vous souhaitez imaginer avec nous le monde de demain, r\u00e9fl\u00e9chir aux alternatives, partager vos savoirs, apprendre des choses, ou simplement filer un coup de main. Venez nous aider ! Dans nos nouveaux locaux de Noisy-le-sec nous ne pouvons pas accueillir de\u2026","rel":"","context":"Article similaire","block_context":{"text":"Article similaire","link":""},"img":{"alt_text":"","src":"","width":0,"height":0},"classes":[]}],"jetpack_shortlink":"https:\/\/wp.me\/PbPs9A-1DO","jetpack_sharing_enabled":true,"_links":{"self":[{"href":"https:\/\/www.labozero.org\/index.php\/wp-json\/wp\/v2\/pages\/6312","targetHints":{"allow":["GET"]}}],"collection":[{"href":"https:\/\/www.labozero.org\/index.php\/wp-json\/wp\/v2\/pages"}],"about":[{"href":"https:\/\/www.labozero.org\/index.php\/wp-json\/wp\/v2\/types\/page"}],"author":[{"embeddable":true,"href":"https:\/\/www.labozero.org\/index.php\/wp-json\/wp\/v2\/users\/2"}],"replies":[{"embeddable":true,"href":"https:\/\/www.labozero.org\/index.php\/wp-json\/wp\/v2\/comments?post=6312"}],"version-history":[{"count":1,"href":"https:\/\/www.labozero.org\/index.php\/wp-json\/wp\/v2\/pages\/6312\/revisions"}],"predecessor-version":[{"id":6313,"href":"https:\/\/www.labozero.org\/index.php\/wp-json\/wp\/v2\/pages\/6312\/revisions\/6313"}],"wp:attachment":[{"href":"https:\/\/www.labozero.org\/index.php\/wp-json\/wp\/v2\/media?parent=6312"}],"curies":[{"name":"wp","href":"https:\/\/api.w.org\/{rel}","templated":true}]}}