{"id":6306,"date":"2026-03-02T17:18:17","date_gmt":"2026-03-02T16:18:17","guid":{"rendered":"https:\/\/www.labozero.org\/?page_id=6306"},"modified":"2026-03-02T17:18:17","modified_gmt":"2026-03-02T16:18:17","slug":"collectes","status":"publish","type":"page","link":"https:\/\/www.labozero.org\/index.php\/collectes\/","title":{"rendered":"Collectes"},"content":{"rendered":"\n<p><\/p>\n\n\n\n<p class=\"has-text-align-center has-luminous-vivid-amber-to-luminous-vivid-orange-gradient-background has-background\">Nous organisons une collecte chaque<strong> <\/strong>                                                                                                                      <strong>mercredi entre 18h et 20h<\/strong>                                                                                                                                                                    au 56 bvd de la R\u00e9publique \u00e0 Noisy-le-Sec.<\/p>\n\n\n\n<p>Lorsque nous organisons une Gratuiterie dans la cour, il est \u00e9galement possible d&rsquo;effectuer des d\u00e9p\u00f4ts, vous pouvez vous r\u00e9f\u00e9rer au blog pour conna\u00eetre les dates. <\/p>\n\n\n\n<p><em><strong>Il est interdit de d\u00e9poser dans la cours en dehors de ces moments<\/strong><\/em>, celle-ci est en copropri\u00e9t\u00e9 et nous ne souhaitons pas importuner nos voisins avec des sacs qui seraient laiss\u00e9s \u00e0 l&rsquo;abandon. Pour des raisons \u00e9videntes d\u2019organisation et de gestion il n&rsquo;est pas possible d&rsquo;effectuer des d\u00e9p\u00f4ts en dehors des cr\u00e9neaux pr\u00e9vus. <\/p>\n\n\n\n<p>Ce que nous collectons : <\/p>\n\n\n\n<ul class=\"wp-block-list\">\n<li>V\u00eatements et chaussures enfants<\/li>\n\n\n\n<li>Mat\u00e9riel de pu\u00e9riculture<\/li>\n\n\n\n<li>V\u00eatements et chaussures adultes<\/li>\n\n\n\n<li>Linge de maison : serviettes de toilette, draps, nappes, rideaux&#8230;<\/li>\n\n\n\n<li>Couvertures, couettes, oreillers, duvets, toiles de tente&#8230;<\/li>\n\n\n\n<li>Vaisselle et ustensiles de cuisine<\/li>\n\n\n\n<li>Ordinateurs et t\u00e9l\u00e9phones portables<\/li>\n\n\n\n<li>Hi-fi et petit \u00e9lectrom\u00e9nager<\/li>\n\n\n\n<li>Petits objets d\u00e9co<\/li>\n\n\n\n<li>Outils<\/li>\n\n\n\n<li>Mercerie et grands coupons de tissus<\/li>\n\n\n\n<li>Produits d\u2019hygi\u00e8ne neufs et couches (paquets entam\u00e9s ok)<\/li>\n\n\n\n<li>Produits alimentaires neufs et non p\u00e9rim\u00e9s<\/li>\n\n\n\n<li>Plantes<\/li>\n\n\n\n<li>Livres<\/li>\n<\/ul>\n\n\n\n<p><em>Pour rappel vos dons sont soigneusement tri\u00e9s et partag\u00e9s selon des ordres de priorit\u00e9 pr\u00e9cis : les plus jolis v\u00eatements\/chaussures enfants et femmes, la vaisselle, le petit \u00e9lectrom\u00e9nager, le mat\u00e9riel de pu\u00e9riculture, les couches, les produits d\u2019hygi\u00e8ne\u2026 sont distribu\u00e9s en colis solidaires \u00e0 des personnes orient\u00e9es par des travailleurs sociaux ou des assos partenaires.<\/em><\/p>\n\n\n\n<p><em> Les v\u00eatements ado, petites tailles hommes et baskets en bon \u00e9tat sont redonn\u00e9s \u00e0 l\u2019asso <a href=\"https:\/\/www.lesmidisdumie.fr\/\">les Midis du Mie<\/a> pour les mineurs isol\u00e9s ou aux assos de maraudes. <\/em><\/p>\n\n\n\n<p><em>Les couvertures ou duvets sont donn\u00e9es aux personnes sans abris, vivant dans les camps, squats ou habitats pr\u00e9caires. <\/em><\/p>\n\n\n\n<p><em>Et ce qui reste est redistribu\u00e9 lors des gratuiteries. <\/em><\/p>\n\n\n\n<p><em>Concernant les livres, nous conservons les livres enfants en bon \u00e9tat pour mettre \u00e0 disposition une biblioth\u00e8que gratuite lors des RDV pour les colis solidaires, le reste est mis dans la bo\u00eete \u00e0 livres situ\u00e9e devant notre local.<\/em><\/p>\n\n\n\n<p class=\"has-text-align-center has-luminous-vivid-amber-to-luminous-vivid-orange-gradient-background has-background\"><strong>Nous ne collectons que des objets en bon \u00e9tat = pas tach\u00e9s, ni trou\u00e9s, en \u00e9tat d&rsquo;usage.<\/strong><\/p>\n\n\n\n<p>Pour le gros \u00e9l\u00e9ctro-m\u00e9nager ou les meubles il est n\u00e9cessaire de nous envoyer une demande au pr\u00e9alable \u00e0 leo@lamachine.org ou de passer faire la proposition pendant une ouverture car nous n&rsquo;avons pas les moyens de stocker. Cependant nous faisons beaucoup d&rsquo;aide \u00e0 l&rsquo;installation et avons r\u00e9guli\u00e8rement des besoins pr\u00e9cis pour aider des familles. <\/p>\n\n\n\n<p><strong>Nous ne collectons jamais \u00e0 domicile mais pouvons vous r\u00e9-orienter vers d&rsquo;autres structures qui le font<\/strong>.<\/p>\n\n\n\n<p>Pour toute autre question vous pouvez \u00e9galement nous contacter par mail.<\/p>\n\n\n\n<p><\/p>\n\n\n\n<p><\/p>\n","protected":false},"excerpt":{"rendered":"<p>Nous organisons une collecte chaque mercredi entre 18h et 20h au 56 bvd de la R\u00e9publique \u00e0 Noisy-le-Sec. Lorsque nous organisons une Gratuiterie dans la cour, il est \u00e9galement possible d&rsquo;effectuer des d\u00e9p\u00f4ts, vous pouvez vous r\u00e9f\u00e9rer au blog pour conna\u00eetre les dates. Il est interdit de d\u00e9poser dans la cours en dehors de ces moments, celle-ci est en copropri\u00e9t\u00e9 et nous ne souhaitons pas importuner nos voisins avec des sacs qui seraient laiss\u00e9s \u00e0 l&rsquo;abandon. Pour des raisons \u00e9videntes d\u2019organisation et de gestion il n&rsquo;est pas possible d&rsquo;effectuer des d\u00e9p\u00f4ts en dehors des cr\u00e9neaux pr\u00e9vus. Ce que nous collectons : Pour rappel vos dons sont soigneusement tri\u00e9s et partag\u00e9s selon des ordres de priorit\u00e9 pr\u00e9cis : les plus jolis v\u00eatements\/chaussures enfants et femmes, la vaisselle, le petit \u00e9lectrom\u00e9nager, le mat\u00e9riel de pu\u00e9riculture, les couches, les produits d\u2019hygi\u00e8ne\u2026 sont distribu\u00e9s en colis solidaires \u00e0 des personnes orient\u00e9es par des travailleurs sociaux ou des assos partenaires. Les v\u00eatements ado, petites tailles hommes et baskets en bon \u00e9tat sont redonn\u00e9s \u00e0 l\u2019asso les Midis du Mie pour les mineurs isol\u00e9s ou aux assos de maraudes. Les couvertures ou duvets sont donn\u00e9es aux personnes sans abris, vivant dans les camps, squats ou habitats pr\u00e9caires. Et ce qui reste est redistribu\u00e9 lors des gratuiteries. Concernant les livres, nous conservons les livres enfants en bon \u00e9tat pour mettre \u00e0 disposition une biblioth\u00e8que gratuite lors des RDV pour les colis solidaires, le reste est mis dans la bo\u00eete \u00e0 livres situ\u00e9e devant notre local. Nous ne collectons que des objets en bon \u00e9tat = pas tach\u00e9s, ni trou\u00e9s, en \u00e9tat d&rsquo;usage. Pour le gros \u00e9l\u00e9ctro-m\u00e9nager ou les meubles il est n\u00e9cessaire de nous envoyer une demande au pr\u00e9alable \u00e0 leo@lamachine.org ou de passer faire la proposition pendant une ouverture car nous n&rsquo;avons pas les moyens de stocker. Cependant nous faisons beaucoup d&rsquo;aide \u00e0 l&rsquo;installation et avons r\u00e9guli\u00e8rement des besoins pr\u00e9cis pour aider des familles. Nous ne collectons jamais \u00e0 domicile mais pouvons vous r\u00e9-orienter vers d&rsquo;autres structures qui le font. Pour toute autre question vous pouvez \u00e9galement nous contacter par mail.<\/p>\n","protected":false},"author":2,"featured_media":0,"parent":0,"menu_order":0,"comment_status":"closed","ping_status":"closed","template":"","meta":{"rop_custom_images_group":[],"rop_custom_messages_group":[],"rop_publish_now":"initial","rop_publish_now_accounts":[],"rop_publish_now_history":[],"rop_publish_now_status":"pending","_themeisle_gutenberg_block_has_review":false,"footnotes":""},"class_list":["post-6306","page","type-page","status-publish","hentry"],"jetpack-related-posts":[{"id":892,"url":"https:\/\/www.labozero.org\/index.php\/participer\/","url_meta":{"origin":6306,"position":0},"title":"Participer","author":"labozero","date":"29 juillet, 2019","format":false,"excerpt":"Vous avez envie de contribuer \u00e0 notre aventure ? Vous souhaitez imaginer avec nous le monde de demain, r\u00e9fl\u00e9chir aux alternatives, partager vos savoirs, apprendre des choses, ou simplement filer un coup de main. Venez nous aider ! Dans nos nouveaux locaux de Noisy-le-sec nous ne pouvons pas accueillir de\u2026","rel":"","context":"Article similaire","block_context":{"text":"Article similaire","link":""},"img":{"alt_text":"","src":"","width":0,"height":0},"classes":[]},{"id":189,"url":"https:\/\/www.labozero.org\/index.php\/la-gratuiterie-du-leo\/","url_meta":{"origin":6306,"position":1},"title":"La Gratuiterie","author":"labozero","date":"3 septembre, 2018","format":false,"excerpt":"La Gratuiterie du LE\u00d8 prend la forme d'un march\u00e9, petit ou grand, dans lequel est propos\u00e9 des v\u00eatements et chaussures, de la vaisselle, des bibelots, des outils, du petit \u00e9lectro-m\u00e9nager, du linge de maison, des jouets et parfois des meubles. Quelques portants, une table ou deux suffisent \u00e0 installer cet\u2026","rel":"","context":"Article similaire","block_context":{"text":"Article similaire","link":""},"img":{"alt_text":"","src":"https:\/\/i0.wp.com\/www.labozero.org\/wp-content\/uploads\/2025\/10\/WhatsApp-Image-2025-10-27-at-09.08.38-150x150.jpeg?resize=350%2C200&ssl=1","width":350,"height":200,"srcset":"https:\/\/i0.wp.com\/www.labozero.org\/wp-content\/uploads\/2025\/10\/WhatsApp-Image-2025-10-27-at-09.08.38-150x150.jpeg?resize=350%2C200&ssl=1 1x, https:\/\/i0.wp.com\/www.labozero.org\/wp-content\/uploads\/2025\/10\/WhatsApp-Image-2025-10-27-at-09.08.38-150x150.jpeg?resize=525%2C300&ssl=1 1.5x, https:\/\/i0.wp.com\/www.labozero.org\/wp-content\/uploads\/2025\/10\/WhatsApp-Image-2025-10-27-at-09.08.38-150x150.jpeg?resize=700%2C400&ssl=1 2x, https:\/\/i0.wp.com\/www.labozero.org\/wp-content\/uploads\/2025\/10\/WhatsApp-Image-2025-10-27-at-09.08.38-150x150.jpeg?resize=1050%2C600&ssl=1 3x, https:\/\/i0.wp.com\/www.labozero.org\/wp-content\/uploads\/2025\/10\/WhatsApp-Image-2025-10-27-at-09.08.38-150x150.jpeg?resize=1400%2C800&ssl=1 4x"},"classes":[]},{"id":190,"url":"https:\/\/www.labozero.org\/index.php\/latelier-dauto-reparation-et-de-construction\/","url_meta":{"origin":6306,"position":2},"title":"Les ateliers d&rsquo;auto-r\u00e9paration","author":"labozero","date":"3 septembre, 2018","format":false,"excerpt":"Tout peut se r\u00e9parer (ordis, v\u00e9los, \u00e9lectrom\u00e9nager, petits meubles...) ce n'est qu'une question de temps et de comp\u00e9tences;\u00a0 les n\u00f4tres ont bien s\u00fbr leurs limites et Michel et Lise sont preneur.ses de partages avec des coll\u00e8gues experts. Apprendre \u00e0 r\u00e9parer c'est d'abord se r\u00e9approprier les objets du quotidien et lutter\u2026","rel":"","context":"Article similaire","block_context":{"text":"Article similaire","link":""},"img":{"alt_text":"","src":"https:\/\/i0.wp.com\/www.labozero.org\/wp-content\/uploads\/2025\/06\/WhatsApp-Image-2025-06-25-at-12.53.53-150x150.jpeg?resize=350%2C200&ssl=1","width":350,"height":200,"srcset":"https:\/\/i0.wp.com\/www.labozero.org\/wp-content\/uploads\/2025\/06\/WhatsApp-Image-2025-06-25-at-12.53.53-150x150.jpeg?resize=350%2C200&ssl=1 1x, https:\/\/i0.wp.com\/www.labozero.org\/wp-content\/uploads\/2025\/06\/WhatsApp-Image-2025-06-25-at-12.53.53-150x150.jpeg?resize=525%2C300&ssl=1 1.5x, https:\/\/i0.wp.com\/www.labozero.org\/wp-content\/uploads\/2025\/06\/WhatsApp-Image-2025-06-25-at-12.53.53-150x150.jpeg?resize=700%2C400&ssl=1 2x, https:\/\/i0.wp.com\/www.labozero.org\/wp-content\/uploads\/2025\/06\/WhatsApp-Image-2025-06-25-at-12.53.53-150x150.jpeg?resize=1050%2C600&ssl=1 3x"},"classes":[]},{"id":597,"url":"https:\/\/www.labozero.org\/index.php\/ils-parlent-de-nous\/","url_meta":{"origin":6306,"position":3},"title":"Ils parlent de nous !","author":"labozero","date":"7 janvier, 2019","format":false,"excerpt":"Transonore\u00a0\u00a0\"M\u00e9dia de proximit\u00e9 et de solutions\", article de Mars 2026 \"Le magasin gratuit de Noisy-le -sec\" Magasine \"Horizons\"\u00a0Janvier 2025 en page 19 Lien Transonore\u00a0\u00a0\"M\u00e9dia de proximit\u00e9 et de solutions\" podcast de d\u00e9cembre 2025 : https:\/\/transonore.fr\/le-leo\/ Participation au Livre \"Lucioles N\u00b03\" sur les parentalit\u00e9s sortit en 2024. Sortie du livre \"L'\u00e9cologie\u2026","rel":"","context":"Article similaire","block_context":{"text":"Article similaire","link":""},"img":{"alt_text":"","src":"https:\/\/i0.wp.com\/www.labozero.org\/wp-content\/uploads\/2026\/03\/WhatsApp-Image-2026-03-25-at-17.51.47-150x150.jpeg?resize=350%2C200&ssl=1","width":350,"height":200,"srcset":"https:\/\/i0.wp.com\/www.labozero.org\/wp-content\/uploads\/2026\/03\/WhatsApp-Image-2026-03-25-at-17.51.47-150x150.jpeg?resize=350%2C200&ssl=1 1x, https:\/\/i0.wp.com\/www.labozero.org\/wp-content\/uploads\/2026\/03\/WhatsApp-Image-2026-03-25-at-17.51.47-150x150.jpeg?resize=525%2C300&ssl=1 1.5x, https:\/\/i0.wp.com\/www.labozero.org\/wp-content\/uploads\/2026\/03\/WhatsApp-Image-2026-03-25-at-17.51.47-150x150.jpeg?resize=700%2C400&ssl=1 2x, https:\/\/i0.wp.com\/www.labozero.org\/wp-content\/uploads\/2026\/03\/WhatsApp-Image-2026-03-25-at-17.51.47-150x150.jpeg?resize=1050%2C600&ssl=1 3x, https:\/\/i0.wp.com\/www.labozero.org\/wp-content\/uploads\/2026\/03\/WhatsApp-Image-2026-03-25-at-17.51.47-150x150.jpeg?resize=1400%2C800&ssl=1 4x"},"classes":[]},{"id":387,"url":"https:\/\/www.labozero.org\/index.php\/jardinage\/","url_meta":{"origin":6306,"position":4},"title":"D\u00e9sartificialisation\/renaturation","author":"labozero","date":"5 d\u00e9cembre, 2018","format":false,"excerpt":"D\u00e9j\u00e0, de quoi parle-t-on et rappel de quelques \u00e9l\u00e9ments de contexte : Avec le r\u00e9chauffement climatique, les \u00e9pisodes de forte chaleur vont s'accentuer de plus en plus, et la vie en ville va en \u00eatre tr\u00e8s impact\u00e9e, aussi il semble urgent de s'engager simultan\u00e9ment sur plusieurs points centraux\u00a0: D\u00e9simperm\u00e9abiliser les\u2026","rel":"","context":"Article similaire","block_context":{"text":"Article similaire","link":""},"img":{"alt_text":"","src":"https:\/\/i0.wp.com\/www.labozero.org\/wp-content\/uploads\/2026\/01\/WhatsApp-Image-2026-01-13-at-20.07.32-150x150.jpeg?resize=350%2C200&ssl=1","width":350,"height":200,"srcset":"https:\/\/i0.wp.com\/www.labozero.org\/wp-content\/uploads\/2026\/01\/WhatsApp-Image-2026-01-13-at-20.07.32-150x150.jpeg?resize=350%2C200&ssl=1 1x, https:\/\/i0.wp.com\/www.labozero.org\/wp-content\/uploads\/2026\/01\/WhatsApp-Image-2026-01-13-at-20.07.32-150x150.jpeg?resize=525%2C300&ssl=1 1.5x, https:\/\/i0.wp.com\/www.labozero.org\/wp-content\/uploads\/2026\/01\/WhatsApp-Image-2026-01-13-at-20.07.32-150x150.jpeg?resize=700%2C400&ssl=1 2x, https:\/\/i0.wp.com\/www.labozero.org\/wp-content\/uploads\/2026\/01\/WhatsApp-Image-2026-01-13-at-20.07.32-150x150.jpeg?resize=1050%2C600&ssl=1 3x"},"classes":[]},{"id":6292,"url":"https:\/\/www.labozero.org\/index.php\/solidarite-2\/","url_meta":{"origin":6306,"position":5},"title":"Solidarit\u00e9","author":"labozero","date":"18 janvier, 2026","format":false,"excerpt":"Depuis toujours, le LEO allie \u00e9cologie et solidarit\u00e9 en redistribuant gratuitement les dons que nous collectons. Par le pass\u00e9 nous pouvions proposer de l\u2019h\u00e9bergement solidaire aujourd'hui les nouveaux locaux ne le permettent plus, aussi nous avons prioris\u00e9 nos actions autour de l'aide mat\u00e9rielle et administrative pour les personnes les plus\u2026","rel":"","context":"Article similaire","block_context":{"text":"Article similaire","link":""},"img":{"alt_text":"","src":"https:\/\/i0.wp.com\/www.labozero.org\/wp-content\/uploads\/2025\/10\/WhatsApp-Image-2025-10-30-at-13.05.43-150x150.jpeg?resize=350%2C200&ssl=1","width":350,"height":200,"srcset":"https:\/\/i0.wp.com\/www.labozero.org\/wp-content\/uploads\/2025\/10\/WhatsApp-Image-2025-10-30-at-13.05.43-150x150.jpeg?resize=350%2C200&ssl=1 1x, https:\/\/i0.wp.com\/www.labozero.org\/wp-content\/uploads\/2025\/10\/WhatsApp-Image-2025-10-30-at-13.05.43-150x150.jpeg?resize=525%2C300&ssl=1 1.5x, https:\/\/i0.wp.com\/www.labozero.org\/wp-content\/uploads\/2025\/10\/WhatsApp-Image-2025-10-30-at-13.05.43-150x150.jpeg?resize=700%2C400&ssl=1 2x, https:\/\/i0.wp.com\/www.labozero.org\/wp-content\/uploads\/2025\/10\/WhatsApp-Image-2025-10-30-at-13.05.43-150x150.jpeg?resize=1050%2C600&ssl=1 3x, https:\/\/i0.wp.com\/www.labozero.org\/wp-content\/uploads\/2025\/10\/WhatsApp-Image-2025-10-30-at-13.05.43-150x150.jpeg?resize=1400%2C800&ssl=1 4x"},"classes":[]}],"jetpack_shortlink":"https:\/\/wp.me\/PbPs9A-1DI","jetpack_sharing_enabled":true,"_links":{"self":[{"href":"https:\/\/www.labozero.org\/index.php\/wp-json\/wp\/v2\/pages\/6306","targetHints":{"allow":["GET"]}}],"collection":[{"href":"https:\/\/www.labozero.org\/index.php\/wp-json\/wp\/v2\/pages"}],"about":[{"href":"https:\/\/www.labozero.org\/index.php\/wp-json\/wp\/v2\/types\/page"}],"author":[{"embeddable":true,"href":"https:\/\/www.labozero.org\/index.php\/wp-json\/wp\/v2\/users\/2"}],"replies":[{"embeddable":true,"href":"https:\/\/www.labozero.org\/index.php\/wp-json\/wp\/v2\/comments?post=6306"}],"version-history":[{"count":1,"href":"https:\/\/www.labozero.org\/index.php\/wp-json\/wp\/v2\/pages\/6306\/revisions"}],"predecessor-version":[{"id":6520,"href":"https:\/\/www.labozero.org\/index.php\/wp-json\/wp\/v2\/pages\/6306\/revisions\/6520"}],"wp:attachment":[{"href":"https:\/\/www.labozero.org\/index.php\/wp-json\/wp\/v2\/media?parent=6306"}],"curies":[{"name":"wp","href":"https:\/\/api.w.org\/{rel}","templated":true}]}}